*i = 0. Calculate the highest common factor of y and 3.
3
Let h = -239 - -277. Suppose 2*v = 3*k - 49, 4 = 2*v - 4. Calculate the greatest common divisor of k and h.
19
Let o = 8 - 5. Let q(v) = v**2 + 7*v + 8. Let k be q(-6). Suppose k*l - o*x - 64 = -5*x, 0 = -x + 2. What is the highest common factor of l and 10?
10
Suppose z + 3*z - 80 = -4*v, 3*v = 4*z - 80. Let b(u) = -2*u - 13. Let i be b(-9). Calculate the highest common divisor of z and i.
5
Let u(s) = s**2 - 6*s + 8. Let k be u(-7). Let l = 8 + -5. Suppose -l*v - v = -36. Calculate the highest common divisor of v and k.
9
Let d be 120/54 - (-2)/(-9). What is the highest common divisor of 20 and d?
2
Suppose w + 22 = -4*s, -5*s + 0 = -3*w + 2. Let m = 2 + w. Let a = 16 + m. Calculate the highest common factor of a and 6.
6
Let t = -1 - -3. Suppose z - 6 = -t*z. Calculate the highest common divisor of z and 2.
2
Suppose 29*t = 27*t + 16. Suppose -3*c + 268 = -788. Suppose c = 2*r + 2*r. Calculate the highest common factor of t and r.
8
Let z be (13/2)/(2 - (-3)/(-2)). What is the greatest common factor of 52 and z?
13
Let f be (1 - 7) + 5 + -6. Let v = -4 - f. Calculate the highest common factor of v and 3.
3
Suppose 5*k + 46 - 466 = 0. Calculate the highest common factor of k and 21.
21
Suppose 7*k = 6*k + 23. What is the highest common divisor of 253 and k?
23
Let q(z) = 2*z**2 - 5*z + 4. Let s be q(4). Let w be (-1)/(-4) + (-382)/(-8). Calculate the greatest common factor of s and w.
16
Suppose -3*u + 5*g + 82 = 0, -u + 5*u - 140 = -g. What is the highest common divisor of u and 170?
34
Suppose 4*l + 5*d - 85 = 0, -2*l + 5*l - 2*d = 58. Suppose -y + 5*y = l. Calculate the highest common factor of 45 and y.
5
Let u(n) = n**2 + 22*n + 37. Let x be u(-21). What is the highest common divisor of 16 and x?
16
Let r be -13*(130/(-11) + 18/(-99)). Calculate the highest common factor of r and 12.
12
Let z be 0 - -3 - -3 - 3. Let n = z - -4. What is the highest common divisor of n and 21?
7
Suppose 4*c + 44 = -0*v + 2*v, 4*v + 2*c = 78. What is the greatest common factor of v and 100?
20
Let s(z) = 37*z**2 - z. Let i be s(1). Calculate the highest common factor of 24 and i.
12
Suppose k = -0 + 8. Suppose -y - k = -i, 0*i + y = -2*i + 28. Let f = 48 + -46. What is the highest common factor of i and f?
2
Suppose f - 2*q - 29 = -q, 5*f - 160 = 2*q. Suppose 2*s - 58 = 44. What is the highest common divisor of s and f?
17
Let j = 22 - 15. Let n = 2 - 1. Calculate the highest common factor of j and n.
1
Let a = 146 - 121. Calculate the highest common divisor of a and 20.
5
Let y = -11 - -20. Let f be y + 0/((-16)/(-4)). What is the greatest common factor of 81 and f?
9
Suppose 1 = -5*f - z, -5*f - 2*z = 3*z - 15. Let o be (-3)/1*f - -8. What is the greatest common factor of o and 121?
11
Suppose 7*r + 49 - 112 = 0. Suppose -f + 3 = -0, k - 111 = -4*f. Calculate the highest common divisor of k and r.
9
Let c(n) = -n + 39. Let f be c(23). What is the greatest common divisor of f and 48?
16
Let g = 69 + -51. What is the highest common divisor of 63 and g?
9
Let c = 35 - 24. Suppose 3*v - c = 7. Calculate the highest common factor of v and 54.
6
Suppose 3*p + 2*b = 485, -3*b - 345 = -4*p + 2*p. What is the greatest common divisor of p and 15?
15
Let i(s) = -2*s - 2. Let t be i(2). Let p be (-66)/(9/t + 0). Calculate the greatest common divisor of p and 11.
11
Let n(r) = -2*r**3 - r**2 + 3*r + 2. Let b be n(-2). What is the greatest common divisor of 8 and b?
8
Let b(g) = g**2 + g - 1. Let k be b(-2). Let r be (k*-36)/((-3)/3). What is the greatest common factor of 24 and r?
12
Suppose -28 = -4*b - 2*q, 3*q = 2*q. Let y be (-10)/4*(-7 - 147/(-35)). Calculate the greatest common divisor of b and y.
7
Let b be -1 + 9 + 6/(-2). Suppose -b*q + 40 = -3*q. What is the greatest common factor of 30 and q?
10
Suppose 2*b + 2*w - 2 = 0, -w - 2*w = -3*b + 9. Suppose -x - z = -80, -b*x + 55 = -5*z - 140. Calculate the greatest common factor of x and 34.
17
Let g = -42 + 15. Let l be (-6)/g - 158/(-18). Let j be (-1)/(-2) + (-5)/(-2). What is the highest common divisor of l and j?
3
Suppose 5*u - 107 - 8 = 0. Calculate the highest common divisor of u and 23.
23
Let r be 44/176 - (-3)/4. What is the highest common divisor of r and 8?
1
Suppose -3*y - 2*q - 53 = 4, 4*y + 5*q + 83 = 0. Let b be (62/(-6))/((-1)/3). Let a = b + y. What is the highest common divisor of a and 14?
14
Let f(j) = 6*j**2 + 4*j + 2. Let c be f(-2). What is the highest common factor of c and 9?
9
Suppose 8 + 4 = -2*x. Let h = x + 20. Calculate the highest common factor of h and 14.
14
Let t(b) = -b**3 + 5*b**2 + 4*b - 4. Let q be t(5). Suppose 33 = 4*d + 1. Calculate the greatest common divisor of q and d.
8
Suppose -14*w - 3 = -15*w. Calculate the highest common divisor of w and 39.
3
Let t = 172 - 52. What is the greatest common factor of t and 15?
15
Suppose 3*s - a = 38, -5*a = -1 - 4. Let f be 1 + (0 + -1 - -39). Calculate the greatest common factor of f and s.
13
Let d(h) = h**3 - 7*h**2 + 7*h - 4. Let y be d(6). Let b(z) = -z + 2 + y*z + z + 0. Let v be b(7). Calculate the greatest common factor of v and 16.
16
Let w = 9 + -2. Let j = w + -3. Calculate the highest common divisor of 8 and j.
4
Let o(l) = l**3 + 11*l**2 + 9*l + 5. Let r be o(-10). Let v(y) = -y**2 + y + 30. Let c be v(0). Calculate the highest common divisor of r and c.
15
Let w be 23/2 - 2/4. Let z(t) = t**2 + 4*t - 8. Let a be z(-7). Suppose -w = -3*s + a. Calculate the highest common factor of s and 12.
4
Suppose v = 5 - 0. Suppose -v*w + 7 + 3 = 0. Suppose -w*k - 67 = -5*c, -3*c - k - k = -37. What is the greatest common factor of c and 143?
13
Suppose 2*o + 16 + 10 = 0. Let c be (-1 - o)*4/(-8). Let z = 5 - c. What is the highest common divisor of z and 11?
11
Suppose 28 = 5*g - g. Let s = g - 5. Suppose -a + 3*a = 2. What is the greatest common factor of s and a?
1
Let d = 4 - -11. Calculate the highest common divisor of d and 30.
15
Let m(g) = g**2 - 2*g + 1. Let u be m(4). What is the greatest common divisor of 45 and u?
9
Let g be (-651)/(-14)*(4/3)/1. What is the greatest common factor of 31 and g?
31
Suppose p - 6*p = -5*r - 85, 5*p + 2*r = 71. Let n = -4 - -6. Let m be n/(8/25)*12. What is the greatest common divisor of m and p?
15
Let c(z) = z**3 + 6*z**2 - 2*z. Let j be c(-6). What is the highest common factor of 8 and j?
4
Let h be (27 + 0)/(9/12). Let n = 108 - 28. Let v = n - h. Calculate the greatest common divisor of 11 and v.
11
Suppose s - 32 = -4*z, 0 = -3*z + 6 + 9. What is the greatest common factor of s and 192?
12
Suppose o + 33 = -2*q + 92, 5 = 5*o. What is the greatest common divisor of q and 58?
29
Suppose 3*u + a - 10 = 12, -2*a = 4*u - 26. What is the greatest common factor of 81 and u?
9
Let r = 27 + -4. Let z = r - 4. Let o(n) = n**2 + n + 4. Let t be o(8). Calculate the greatest common factor of t and z.
19
Suppose 0 = -4*b + 3*c + 22, 2*c + 21 + 3 = 4*b. Calculate the greatest common divisor of 14 and b.
7
Let y(c) = c**3 - 7*c**2 + 6*c + 4. Let q be y(6). Suppose q*j = 6*j - 266. Calculate the highest common divisor of j and 19.
19
Let u be 6/(-8) - 5138/(-56). Calculate the highest common factor of u and 13.
13
Let p(c) = -c**3 + 8*c**2 + 12*c + 7. Let w be p(-5). Calculate the greatest common divisor of w and 34.
34
Let y = 42 - 26. Suppose -2*s = 3*s + 45. Let c = s + 13. Calculate the greatest common divisor of y and c.
4
Suppose 2*w = -5*s + 519, -s + 68 + 52 = -5*w. Let p be 1 - (1/(-1) + 3). Let m be (5/2)/(p/(-6)). Calculate the greatest common divisor of m and s.
15
Suppose 0 = 6*f + 10 - 76. Calculate the highest common factor of 33 and f.
11
Let v = 6 - 4. Suppose -5*p + 5*d + 115 = 0, 2*p + 2*d - 43 = -17. Calculate the greatest common factor of v and p.
2
Let k be 2/11 + (-156)/11. Let m be 1182/21 - (-4)/k. What is the greatest common divisor of m and 8?
8
Suppose 3*n + c - 4*c + 90 = 0, 3*c = -n - 38. Let a = n - -65. Calculate the highest common divisor of a and 22.
11
Let c(h) = -h**3 + 25*h**2 - 44*h - 4. Let n be c(23). Calculate the highest common divisor of 28 and n.
14
Let x(o) = 4*o**2. Let r be x(-1). Suppose r*n - 5 = 15. Suppose -3*p + 11 = -n*s - 105, -4*s = -3*p + 118. Calculate the greatest common factor o